{"id":71,"date":"2019-12-02T20:57:21","date_gmt":"2019-12-02T18:57:21","guid":{"rendered":"https:\/\/stsimons.fi\/?page_id=71"},"modified":"2023-03-22T18:58:31","modified_gmt":"2023-03-22T16:58:31","slug":"historia","status":"publish","type":"page","link":"https:\/\/stsimons.fi\/?page_id=71","title":{"rendered":"Historia"},"content":{"rendered":"<p>[vc_row][vc_column][vc_column_text]Scoutk\u00e5ren St. Simons Sj\u00f6fararna bildades den andra mars 1959. De grundande medlemmarna var Torkel Essen, Sigfrid J\u00e4rnstr\u00f6m, Mikael J\u00e4rnstr\u00f6m, Bo Fredriksson och Nils Lome. Till k\u00e5rchef uts\u00e5gs Torkel Essen, vicek\u00e5rchef blev Mikael J\u00e4rnstr\u00f6m, sekreterare Sigfrid J\u00e4rnstr\u00f6m, materialf\u00f6rvaltare Bo Fredriksson och k\u00e5rekonom Nils Lome. Lite senare fick man \u00e4ven f\u00f6rst\u00e4rkning av Rafael L\u00f6nnqvist som avdelningschef. F\u00f6ljande \u00e5r n\u00e4r k\u00e5ren drar ig\u00e5ng sin vargungeverksamhet f\u00e5r man ytterligare en ledare med Anita L\u00f6nnqvist som k\u00e5rens f\u00f6rsta vargungeledare.<\/p>\n<p>Den nygrundade scoutk\u00e5ren fick sitt namn den 15 april samma \u00e5r. P\u00e5 f\u00f6rslag av k\u00e5rchefen antog k\u00e5rkvarteret enh\u00e4lligt namnet St. Simons Sj\u00f6fararna, eftersom Pargas kyrka \u00e4r helgad till l\u00e4rjungen Simon. K\u00e5rchef Essen designade \u00e4ven k\u00e5rm\u00e4rket samt f\u00f6reslog den bl\u00e5vita snodden till scouthalsduken. Halsduksm\u00e4rket som \u00e4r Pargas kyrkas invigningskors fast\u00e4lldes ocks\u00e5 vid denna tidpunkt \u00e4ven om den togs i bruk f\u00f6rst vid 40 \u00e5rs jubilet 1999.<\/p>\n<p>Vid starten l\u00e5g tyngdpunkten p\u00e5 sj\u00f6manskunskap och scoutideal. Med tiden kom dock allt mer landverksamhet med i bilden. St. Simons Sj\u00f6fararna kan idag kallas f\u00f6r &#8220;strandscouter&#8221; med verksamhet b\u00e5de p\u00e5 land och hav.<\/p>\n<p>Vid starten var k\u00e5ren en pojkscoutk\u00e5r, \u00e4ven om man hade flickor som vargungeledare. \u00c5r 1975, i samband med starten f\u00f6r Finlands svenska scouter (FiSSc) som bildades n\u00e4r Finlands Svenska Scoutf\u00f6rbund och Finlands Svenska Flickscoutf\u00f6rbund slogs ihop, blir Sj\u00f6fararna en samscoutk\u00e5r d.v.s. en scoutk\u00e5r f\u00f6r b\u00e5de pojkar och flickor.<\/p>\n<p>Vid mitten av 80-talet ligger verksamheten nere ett par \u00e5r p.g.a. ledarbrist, men 1987 sker en nystart n\u00e4r Henric Schmidt och Fredrik Geisor drar ig\u00e5ng verksamheten p\u00e5 nytt. Ny verksamhet som nu inf\u00f6rs \u00e4r bl.a. vandringar och utlandsresor vartannat \u00e5r.<\/p>\n<p>K\u00e5ren st\u00e5r idag p\u00e5 en stabil grund och har en l\u00e4ngre tid haft ett medlemsantal p\u00e5 b\u00e4ttre sidan av 100. Mer historia finns att l\u00e4sa i St. Simons Sj\u00f6fararnas k\u00e5rhistorik som utgavs till 50-\u00e5rsjubileet h\u00f6sten 2009: St. Simons Sj\u00f6fararna r.f. 1959-2009 &#8211; 50 \u00e5r med vind i seglen. Boken kan k\u00f6pas fr\u00e5n k\u00e5ren eller l\u00e5nas fr\u00e5n Pargas Stadsbibliotek.[\/vc_column_text][\/vc_column][\/vc_row]<\/p>\n","protected":false},"excerpt":{"rendered":"<p>[vc_row][vc_column][vc_column_text]Scoutk\u00e5ren St. Simons Sj\u00f6fararna bildades den andra mars 1959. De grundande medlemmarna var Torkel Essen, Sigfrid J\u00e4rnstr\u00f6m, Mikael J\u00e4rnstr\u00f6m, Bo Fredriksson och Nils Lome. Till k\u00e5rchef uts\u00e5gs Torkel Essen, vicek\u00e5rchef blev Mikael J\u00e4rnstr\u00f6m, sekreterare Sigfrid J\u00e4rnstr\u00f6m, materialf\u00f6rvaltare Bo Fredriksson och k\u00e5rekonom Nils Lome. Lite senare fick man \u00e4ven f\u00f6rst\u00e4rkning av Rafael L\u00f6nnqvist som avdelningschef. F\u00f6ljande [&hellip;]<\/p>\n","protected":false},"author":1,"featured_media":72,"parent":69,"menu_order":0,"comment_status":"closed","ping_status":"closed","template":"","meta":{"_acf_changed":false,"footnotes":""},"class_list":["post-71","page","type-page","status-publish","has-post-thumbnail","hentry"],"acf":[],"_links":{"self":[{"href":"https:\/\/stsimons.fi\/index.php?rest_route=\/wp\/v2\/pages\/71","targetHints":{"allow":["GET"]}}],"collection":[{"href":"https:\/\/stsimons.fi\/index.php?rest_route=\/wp\/v2\/pages"}],"about":[{"href":"https:\/\/stsimons.fi\/index.php?rest_route=\/wp\/v2\/types\/page"}],"author":[{"embeddable":true,"href":"https:\/\/stsimons.fi\/index.php?rest_route=\/wp\/v2\/users\/1"}],"replies":[{"embeddable":true,"href":"https:\/\/stsimons.fi\/index.php?rest_route=%2Fwp%2Fv2%2Fcomments&post=71"}],"version-history":[{"count":0,"href":"https:\/\/stsimons.fi\/index.php?rest_route=\/wp\/v2\/pages\/71\/revisions"}],"up":[{"embeddable":true,"href":"https:\/\/stsimons.fi\/index.php?rest_route=\/wp\/v2\/pages\/69"}],"wp:featuredmedia":[{"embeddable":true,"href":"https:\/\/stsimons.fi\/index.php?rest_route=\/wp\/v2\/media\/72"}],"wp:attachment":[{"href":"https:\/\/stsimons.fi\/index.php?rest_route=%2Fwp%2Fv2%2Fmedia&parent=71"}],"curies":[{"name":"wp","href":"https:\/\/api.w.org\/{rel}","templated":true}]}}