{"id":67,"date":"2019-12-02T15:24:53","date_gmt":"2019-12-02T13:24:53","guid":{"rendered":"https:\/\/stsimons.fi\/?page_id=67"},"modified":"2021-02-08T20:19:52","modified_gmt":"2021-02-08T18:19:52","slug":"batarna","status":"publish","type":"page","link":"https:\/\/stsimons.fi\/?page_id=67","title":{"rendered":"B\u00e5tarna"},"content":{"rendered":"\n<h3 class=\"wp-block-heading\">S\/Y Simona<\/h3>\n\n\n\n<h4 class=\"wp-block-heading\">Jeanneau Sun Rise 34<\/h4>\n\n\n\n<p>Simona \u00e4r k\u00e5rens st\u00f6rsta b\u00e5t och rymmer 8 personer. Hon \u00e4r byggd \u00e5r 1984 och blev k\u00e5rens \u00e5r 2014. <\/p>\n\n\n\n<p>Simona har varit med om bl.a. f\u00f6rbundsl\u00e4gret Atlantis,\nsom var \u00e5r 2015, eskadern \u00e5r 2016 och 2019, mini-eskadern 2018, l\u00e5ngseglatsen\n\u00e5r 2019 som var fr\u00e5n Pargas till Mariehamn fram och tillbaka och en massa andra\nseglatser som t.ex. kv\u00e4llsseglatser, som gett m\u00e5nga goda minnen och l\u00e4ro-fyllda\nupplevelser.<\/p>\n\n\n\n<ul class=\"wp-block-list\"><li>L\u00e4ngd: 10,50 m<\/li><li>Bredd: 3,49 m<\/li><li>Djup: 1,85 m<\/li><\/ul>\n\n\n\n<hr class=\"wp-block-separator\"\/>\n\n\n\n<h3 class=\"wp-block-heading\">S\/Y Simolina<\/h3>\n\n\n\n<h4 class=\"wp-block-heading\">Hallberg Rassy 29<\/h4>\n\n\n\n<p>Simolina \u00e4r k\u00e5rens n\u00e4st-st\u00f6rsta b\u00e5t och rymmer 4 personer. Hon blev k\u00e5rens \u00e5r 2018. Simolina har varit med om mini-eskadern som var \u00e5r 2018 och kv\u00e4llsseglatser.<\/p>\n\n\n\n<ul class=\"wp-block-list\"><li>L\u00e4ngd: 8,90 m<\/li><li>Bredd: 2,83 m<\/li><li>Djup: 1,59 m<\/li><\/ul>\n\n\n\n<hr class=\"wp-block-separator\"\/>\n\n\n\n<h3 class=\"wp-block-heading\">S\/Y Simone<\/h3>\n\n\n\n<h4 class=\"wp-block-heading\">H-b\u00e5t<\/h4>\n\n\n\n<p>Simone \u00e4r k\u00e5rens minsta samt den som varit l\u00e4ngst i k\u00e5ren och rymmer 4 personer. Hon \u00e4r blev k\u00e5rens b\u00e5t \u00e5r 1992.<\/p>\n\n\n\n<p>&nbsp;Simone har varit med om bl.a. Wildmarksl\u00e4gret \u00e5r 1993, Nothamn \u00e5r 2012, Atlantis \u00e5r 2015, eskadern \u00e5r 2016 och mini-eskadern 2018 och andra seglatser som t.ex. kv\u00e4llsseglatser. Eftersom Simone har varit l\u00e4ngst i k\u00e5ren s\u00e5 f\u00f6ljer \u00e4ven m\u00e5nga goda minnen fr\u00e5n \u00e5ren, med henne.<\/p>\n\n\n\n<ul class=\"wp-block-list\"><li>&nbsp;&nbsp;&nbsp;&nbsp;&nbsp;&nbsp;&nbsp;&nbsp; L\u00e4ngd: 8,28 m<\/li><li>&nbsp;&nbsp;&nbsp;&nbsp;&nbsp;&nbsp;&nbsp;&nbsp; Bredd: 2,18 m<\/li><li>&nbsp;&nbsp;&nbsp;&nbsp;&nbsp;&nbsp;&nbsp;&nbsp; Djup: 1,30m<\/li><\/ul>\n","protected":false},"excerpt":{"rendered":"<p>S\/Y Simona Jeanneau Sun Rise 34 Simona \u00e4r k\u00e5rens st\u00f6rsta b\u00e5t och rymmer 8 personer. Hon \u00e4r byggd \u00e5r 1984 och blev k\u00e5rens \u00e5r 2014. Simona har varit med om bl.a. f\u00f6rbundsl\u00e4gret Atlantis, som var \u00e5r 2015, eskadern \u00e5r 2016 och 2019, mini-eskadern 2018, l\u00e5ngseglatsen \u00e5r 2019 som var fr\u00e5n Pargas till Mariehamn fram och [&hellip;]<\/p>\n","protected":false},"author":1,"featured_media":0,"parent":69,"menu_order":0,"comment_status":"closed","ping_status":"closed","template":"","meta":{"_acf_changed":false,"footnotes":""},"class_list":["post-67","page","type-page","status-publish","hentry"],"acf":[],"_links":{"self":[{"href":"https:\/\/stsimons.fi\/index.php?rest_route=\/wp\/v2\/pages\/67","targetHints":{"allow":["GET"]}}],"collection":[{"href":"https:\/\/stsimons.fi\/index.php?rest_route=\/wp\/v2\/pages"}],"about":[{"href":"https:\/\/stsimons.fi\/index.php?rest_route=\/wp\/v2\/types\/page"}],"author":[{"embeddable":true,"href":"https:\/\/stsimons.fi\/index.php?rest_route=\/wp\/v2\/users\/1"}],"replies":[{"embeddable":true,"href":"https:\/\/stsimons.fi\/index.php?rest_route=%2Fwp%2Fv2%2Fcomments&post=67"}],"version-history":[{"count":0,"href":"https:\/\/stsimons.fi\/index.php?rest_route=\/wp\/v2\/pages\/67\/revisions"}],"up":[{"embeddable":true,"href":"https:\/\/stsimons.fi\/index.php?rest_route=\/wp\/v2\/pages\/69"}],"wp:attachment":[{"href":"https:\/\/stsimons.fi\/index.php?rest_route=%2Fwp%2Fv2%2Fmedia&parent=67"}],"curies":[{"name":"wp","href":"https:\/\/api.w.org\/{rel}","templated":true}]}}