{"id":117,"date":"2020-01-27T21:24:34","date_gmt":"2020-01-27T19:24:34","guid":{"rendered":"https:\/\/stsimons.fi\/?page_id=117"},"modified":"2021-02-08T22:28:03","modified_gmt":"2021-02-08T20:28:03","slug":"familjescouting","status":"publish","type":"page","link":"https:\/\/stsimons.fi\/?page_id=117","title":{"rendered":"Familjescouting"},"content":{"rendered":"<p>[vc_row][vc_column][vc_column_text]<\/p>\n<blockquote><p>St. Simons Sj\u00f6fararna har en aktiv familjescoutgrupp!<\/p><\/blockquote>\n<p>Scouting \u00e4r en verksamhet som syftar till att st\u00f6da barn och ungas fostran med h\u00e4nsyn till deras individuella s\u00e4rdrag. M\u00e5ls\u00e4ttningen \u00e4r att fostra barn och unga till aktiva, ansvarstagande och sj\u00e4lvst\u00e4ndigt t\u00e4nkande medlemmar av s\u00e5v\u00e4l det lokala samfundet som det nationella och internationella samfundet.<\/p>\n<p>Familjescouting \u00e4r en gemensam resa f\u00f6r familjen d\u00e4r de f\u00e5r bekanta sig med scoutverksamheten. Samtidigt ger familjescouting familjerna m\u00f6jlighet att uppleva trevliga stunder ute i naturen. Familjerna f\u00e5r i sin egen takt bekanta sig med den egentliga scoutverksamheten. Detta sker genom deltagande i k\u00e5rens utf\u00e4rder och l\u00e4ger samt andra evenemang. Familjescouting ger \u00e4ven f\u00f6r\u00e4ldrar m\u00f6jlighet att delta i en gemensam fritidsverksamhet med sina barn och m\u00f6jligg\u00f6r samtidigt regelbundna tr\u00e4ffar med andra f\u00f6r\u00e4ldrar.<\/p>\n<p>Familjescoutingens aktiviteter i St Simons Sj\u00f6fararna \u00e4r \u00e4mnade f\u00f6r barn i \u00e5ldern 0\u20136 och deras f\u00f6r\u00e4ldrar\/v\u00e5rdnadshavare (eller annan trygg vuxen). Barnens unga \u00e5lder och det breda \u00e5ldersspannet tas i beaktande d\u00e5 vi planerar m\u00f6ten. Familjescoutverksamheten grundar sig p\u00e5 enkla aktiviteter samt p\u00e5 vuxnas st\u00e4ndiga n\u00e4rvaro och st\u00f6d.[\/vc_column_text][\/vc_column][\/vc_row][vc_row][vc_column width=&#8221;2\/3&#8243;][vc_column_text]<\/p>\n<h3>V\u00e5ra m\u00e5ls\u00e4ttningar f\u00f6r familjescouting \u00e4r:<\/h3>\n<ul>\n<li><strong>Familjen \u00e4r en del av k\u00e5ren.<\/strong><\/li>\n<li><strong>Familjen vistas i naturen.<\/strong><\/li>\n<li><strong>Familjen g\u00f6r tillsammans.<\/strong><\/li>\n<li><strong>Familjen bekantar sig med scoutingens v\u00e4rderingar.<\/strong><\/li>\n<\/ul>\n<p>Du beh\u00f6ver inte vara scout f\u00f6r att vara med. Om du \u00e4r redan scout, men inte Simonit, g\u00f6r det inget! V\u00e4lkomna med, stora och sm\u00e5!<\/p>\n<p>Vill du vara med? Ta kontakt med oss s\u00e5 ber\u00e4ttar vi mera. Tidtabellen f\u00f6r m\u00f6ten hittar du under program eller som evenemang p\u00e5 k\u00e5rens Facebook-sida.[\/vc_column_text][vc_column_text]<\/p>\n<h5>N\u00e4sta program<\/h5>\n<p>There are no events.[\/vc_column_text][\/vc_column][vc_column width=&#8221;1\/3&#8243;][vc_single_image image=&#8221;118&#8243; img_size=&#8221;medium&#8221; add_caption=&#8221;yes&#8221; alignment=&#8221;right&#8221;][\/vc_column][\/vc_row]<\/p>\n","protected":false},"excerpt":{"rendered":"<p>[vc_row][vc_column][vc_column_text] St. Simons Sj\u00f6fararna har en aktiv familjescoutgrupp! Scouting \u00e4r en verksamhet som syftar till att st\u00f6da barn och ungas fostran med h\u00e4nsyn till deras individuella s\u00e4rdrag. M\u00e5ls\u00e4ttningen \u00e4r att fostra barn och unga till aktiva, ansvarstagande och sj\u00e4lvst\u00e4ndigt t\u00e4nkande medlemmar av s\u00e5v\u00e4l det lokala samfundet som det nationella och internationella samfundet. Familjescouting \u00e4r en [&hellip;]<\/p>\n","protected":false},"author":1,"featured_media":119,"parent":83,"menu_order":0,"comment_status":"closed","ping_status":"closed","template":"","meta":{"_acf_changed":false,"footnotes":""},"class_list":["post-117","page","type-page","status-publish","has-post-thumbnail","hentry"],"acf":[],"_links":{"self":[{"href":"https:\/\/stsimons.fi\/index.php?rest_route=\/wp\/v2\/pages\/117","targetHints":{"allow":["GET"]}}],"collection":[{"href":"https:\/\/stsimons.fi\/index.php?rest_route=\/wp\/v2\/pages"}],"about":[{"href":"https:\/\/stsimons.fi\/index.php?rest_route=\/wp\/v2\/types\/page"}],"author":[{"embeddable":true,"href":"https:\/\/stsimons.fi\/index.php?rest_route=\/wp\/v2\/users\/1"}],"replies":[{"embeddable":true,"href":"https:\/\/stsimons.fi\/index.php?rest_route=%2Fwp%2Fv2%2Fcomments&post=117"}],"version-history":[{"count":0,"href":"https:\/\/stsimons.fi\/index.php?rest_route=\/wp\/v2\/pages\/117\/revisions"}],"up":[{"embeddable":true,"href":"https:\/\/stsimons.fi\/index.php?rest_route=\/wp\/v2\/pages\/83"}],"wp:featuredmedia":[{"embeddable":true,"href":"https:\/\/stsimons.fi\/index.php?rest_route=\/wp\/v2\/media\/119"}],"wp:attachment":[{"href":"https:\/\/stsimons.fi\/index.php?rest_route=%2Fwp%2Fv2%2Fmedia&parent=117"}],"curies":[{"name":"wp","href":"https:\/\/api.w.org\/{rel}","templated":true}]}}